 base 12?
-22864a
Convert 2e8c7 (base 15) to base 5.
14303422
Convert -309678 (base 11) to base 10.
-495943
What is 84dbb (base 14) in base 8?
1162771
Convert -1114024331 (base 5) to base 13.
-690845
Convert 10010001000111011 (base 2) to base 3.
10202220211
Convert -1212958 (base 10) to base 15.
-18e5dd
What is -1110100010110111101 (base 2) in base 16?
-745bd
What is 241320 (base 6) in base 11?
14917
What is -100000111110010 (base 2) in base 6?
-210054
Convert -eed89a (base 15) to base 8.
-53335734
What is -647108 (base 14) in base 10?
-3400020
243e4 (base 16) to base 7
1155543
Convert -594544 (base 12) to base 8.
-5371404
-100111101011001010011100 (base 2) to base 9
-21511613
Convert -11010010100100010 (base 2) to base 7.
-626213
What is 202111133 (base 6) in base 8?
15151401
-101001111111110110001 (base 2) to base 12
-564495
-930439 (base 10) to base 5
-214233224
What is 40378 (base 10) in base 9?
61344
-4474234 (base 8) to base 3
-2021111112020
What is -a26520 (base 11) in base 13?
-4593b5
-4417b (base 15) to base 12
-a5245
What is 1110301120 (base 5) in base 4?
21101212302
Convert -a1aab (base 12) to base 7.
-1535111
-10100001010001001101100 (base 2) to base 15
-6e5b75
-23241311 (base 6) to base 5
-141032112
-44857 (base 12) to base 16
-163c3
-54664232 (base 7) to base 10
-4705052
14202022 (base 5) to base 10
147137
What is 80873 (base 11) in base 12?
58480
66665d (base 15) to base 5
2222203223
-1c9232 (base 15) to base 4
-11111033303
Convert -3128725 (base 9) to base 15.
-230a2b
-232114231 (base 5) to base 12
-4283b3
What is 368795 (base 10) in base 9?
621802
Convert 258a15 (base 11) to base 10.
407181
What is -1d6fd (base 16) in base 4?
-131123331
5126204 (base 11) to base 14
12ba5d8
What is 743254 (base 9) in base 12?
193941
45252 (base 6) to base 2
1100011100000
What is 43403 (base 8) in base 13?
8375
What is 5624765 (base 8) in base 7?
15621600
What is -330040242 (base 6) in base 13?
-12b0228
Convert 10022000001122 (base 3) to base 7.
20614244
12574842 (base 9) to base 3
102122111221102
117576 (base 8) to base 2
1001111101111110
Convert 26145311 (base 7) to base 3.
11110222110212
What is 210003222113 (base 4) in base 8?
44035227
1031443034 (base 5) to base 13
5c8a44
6d492 (base 14) to base 7
2161442
What is 301133031 (base 6) in base 5?
2301112320
-663d2 (base 14) to base 13
-889b4
What is -673431 (base 8) in base 11?
-145692
What is 232229 (base 11) in base 3?
200202010012
1131003111 (base 4) to base 7
3145125
5340264 (base 8) to base 13
3abb58
Convert 43552 (base 9) to base 8.
70323
Convert 4bbb1 (base 12) to base 6.
2115541
Convert -17a7803 (base 11) to base 13.
-82ca75
What is 122221201021 (base 3) in base 5?
42301411
What is -248442 (base 13) in base 5?
-211001021
110011101100001101011 (base 2) to base 12
698263
Convert 1111110011110000 (base 2) to base 13.
2361c
What is 16327385 (base 9) in base 13?
18cc635
Convert 1017286 (base 9) to base 3.
1000121022220
Convert -110010010011001010100 (base 2) to base 10.
-1648212
Convert 112102101002 (base 3) to base 7.
2261363
Convert 1452053 (base 6) to base 13.
2c72a
Convert 5420133 (base 7) to base 5.
132112343
What is 2144203124 (base 5) in base 12?
16975a3
Convert -5213003 (base 7) to base 8.
-2305214
Convert -100112001 (base 4) to base 14.
-1a57b
Convert -22617 (base 14) to base 12.
-403b9
What is 433469 (base 11) in base 9?
1265153
-10001101002011 (base 3) to base 16
-18bd6a
What is -75077 (base 10) in base 13?
-28232
-5b724d (base 14) to base 8
-13743745
What is -205d0 (base 14) in base 7?
-443250
Convert -1261496 (base 11) to base 14.
-40b9d3
-2214011 (base 6) to base 12
-54307
What is -2308d (base 14) in base 4?
-110303011
2100012022222 (base 3) to base 8
4575414
-13022201 (base 4) to base 5
-1414340
10111000010110000111 (base 2) to base 15
edad9
-87946 (base 12) to base 9
-303000
What is -132990 (base 11) in base 9?
-347406
-833923 (base 11) to base 6
-44355502
What is -360111 (base 8) in base 16?
-1e049
2325783 (base 9) to base 14
24a370
Convert 10221102202 (base 5) to base 7.
160064664
-50321 (base 10) to base 11
-34897
-1000110000111101101100 (base 2) to base 3
-11022201212022
Convert -3661244 (base 7) to base 13.
-135425
cd5fec (base 16) to base 12
4611038
What is 424201024 (base 5) in base 7?
21123530
What is 100000001000000011100111 (base 2) in base 6?
500300531
What is -50b388 (base 12) in base 14?
-24c768
Convert -13001140 (base 5) to base 11.
-86051
What is 1338208 (base 10) in base 15?
1b678d
What is -b46198 (base 12) in base 7?
-33026561
611032 (base 11) to base 14
1b7db3
What is -2021012022012 (base 3) in base 14?
-234d7b
10030012010 (base 4) to base 11
690038
Convert 2d9b41 (base 15) to base 12.
8a698a
What is -216255 (base 8) in base 4?
-101302231
Convert 223665 (base 7) to base 3.
2000120120
Convert 20925a (base 12) to base 9.
862437
What is -1111001201012 (base 3) in base 8?
-3004127
Convert 109905 (base 11) to base 2.
101010100000101100
-6dc32 (base 16) to base 15
-8d326
What is 20341201 (base 5) in base 10?
168301
Convert -100101000110111000 (base 2) to base 5.
-14330432
1165062 (base 7) to base 13
53733
Convert 465073 (base 10) to base 7.
3644620
398408 (base 10) to base 7
3246353
Convert 220201222121 (base 3) to base 5.
111040321
What is -116964 (base 10) in base 3?
-12221110000
-d07a97 (base 15) to base 7
-150062554
What is 2113214 (base 9) in base 15?
175104
Convert 12335144 (base 6) to base 3.
202101220101
Convert -21212211011002 (base 3) to base 14.
-7b0824
-23211311 (base 4) to base 11
-32741
What is -332220321122 (base 4) in base 10?
-16420442
Convert -2a711 (base 16) to base 2.
-101010011100010001
-ec87e (base 16) to base 8
-3544176
What is 11010100100011010 (base 2) in base 3?
12112021121
What is 316223 (base 8) in base 3?
12100212211
-b8cbb1 (base 13) to base 7
-51620130
-424b6 (base 15) to base 14
-5690d
Convert 441301220 (base 5) to base 16.
1cfe99
Convert -6dcb (base 14) to base 12.
-b133
783275 (base 9) to base 14
c2904
What is 579103 (base 10) in base 14?
111087
Convert -871137 (base 13) to base 8.
-14064513
a4b94 (base 12) to base 7
1556434
Convert -122112222120 (base 3) to base 14.
-8dcd0
2133114 (base 5) to base 9
55252
What is 12470063 (base 9) in base 16?
5d819f
Convert 4620361 (base 8) to base 14.
248c01
What is 7856 (base 12) in base 2?
11010000000010
Convert -1820332 (base 10) to base 4.
-12330122230
-111101111110111101 (base 2) to base 16
-3dfbd
What is -28363 (base 9) in base 11?
-13514
-10111000101100011 (base 2) to base 14
-26667
Convert 17d229 (base 14) to base 13.
236828
-500956 (base 11) to base 15
-10de05
What is -9d750d (base 15) in base 6?
-425042051
3305347 (base 8) to base 6
31004531
What is -824408 (base 9) in base 8?
-1672472
-105136 (base 10) to base 13
-38b15
207830 (base 11) to base 9
555885
-1b08ad (base 16) to base 15
-24ee2d
335313 (base 13) to base 7
13202550
What is -12743a5 (base 11) in base 7?
-24500454
Convert -222200110112 (base 3) to base 16.
-803a2
Convert -1111101101111010101111 (base 2) to base 10.
-4120239
Convert 3c234 (base 14) to base 5.
14223424
What is -1464230 (base 8) in base 16?
-66898
Convert -10212230 (base 4) to base 5.
-1100420
c67287 (base 13) to base 11
2691156
148 (base 16) to base 11
279
What is -142458a (base 13) in base 12?
-217756a
What is -20367d (base 14) in base 15?
-1667e7
864d0 (base 15) to base 16
68169
What is -542545 (base 8) in base 6?
-3520433
144243012 (base 5) to base 14
1624bb
What is 4672 (base 16) in base 8?
43162
104114303 (base 5) to base 10
457453
-1530b92 (base 13) to base 11
-3905116
-31131 (base 16) to base 6
-4150333
What is 74845 (base 11) in base 14?
2b936
Convert -204122220 (base 5) to base 7.
-10132400
-143215 (base 9) to base 8
-253150
205456 (base 14) to base 7
12160336
210120111111 (base 3) to base 7
3416011
-1030645 (base 9) to base 4
-2012223203
839564 (base 11) to base 5
321014420
-10111110001110010010 (base 2) to base 13
-21384c
Convert 11111011001010110 (base 2) to base 13.
466c2
What is 23323023 (base 4) in base 14?
13b2b
17455783 (base 9) to base 8
41365230
Convert 5153535 (base 7) to base 2.
10010110111101110101
2971388 (base 10) to base 13
800624
Convert -34067 (base 8) to base 11.
-a8a3
12691a (base 14) to base 11
3a2571
-101010011111000011110 (ba